{"id":1902,"date":"2015-03-26T21:39:49","date_gmt":"2015-03-26T19:39:49","guid":{"rendered":"http:\/\/www.shinkendo.hu\/?page_id=1902"},"modified":"2018-09-12T12:27:58","modified_gmt":"2018-09-12T10:27:58","slug":"kovacs-zsolt","status":"publish","type":"page","link":"https:\/\/www.shinkendo.hu\/?page_id=1902","title":{"rendered":"Kov\u00e1cs Zsolt"},"content":{"rendered":"<p>Kov\u00e1cs Zsolt sensei az O Bashi Dojo (a Nagy H\u00edd) instruktora Budapesten a Csan\u00e1dy utc\u00e1ban.<\/p>\n<p>Fokozatai:<\/p>\n<p>Shinkendo Ren-e, \u00a0Shoden Renshi Kaku<br \/>\nToyama-ryu Battojutsu \u2013 Shodan<\/p>\n<p>El\u00e9rhet\u0151s\u00e9gei:<\/p>\n<p>+36 70 367 4490<\/p>\n<p><a href=\"mailto:zsolt86kovacs@gmail.com\">zsolt86kovacs@gmail.com<\/a><\/p>\n<p>&nbsp;<\/p>\n<p>&nbsp;<\/p>\n","protected":false},"excerpt":{"rendered":"<p>Kov\u00e1cs Zsolt sensei az O Bashi Dojo (a Nagy H\u00edd) instruktora Budapesten a Csan\u00e1dy utc\u00e1ban. Fokozatai: Shinkendo Ren-e, \u00a0Shoden Renshi Kaku Toyama-ryu Battojutsu \u2013 Shodan El\u00e9rhet\u0151s\u00e9gei: +36 70 367 4490 [&hellip;]<\/p>\n","protected":false},"author":1,"featured_media":0,"parent":36,"menu_order":0,"comment_status":"closed","ping_status":"closed","template":"","meta":[],"_links":{"self":[{"href":"https:\/\/www.shinkendo.hu\/index.php?rest_route=\/wp\/v2\/pages\/1902"}],"collection":[{"href":"https:\/\/www.shinkendo.hu\/index.php?rest_route=\/wp\/v2\/pages"}],"about":[{"href":"https:\/\/www.shinkendo.hu\/index.php?rest_route=\/wp\/v2\/types\/page"}],"author":[{"embeddable":true,"href":"https:\/\/www.shinkendo.hu\/index.php?rest_route=\/wp\/v2\/users\/1"}],"replies":[{"embeddable":true,"href":"https:\/\/www.shinkendo.hu\/index.php?rest_route=%2Fwp%2Fv2%2Fcomments&post=1902"}],"version-history":[{"count":6,"href":"https:\/\/www.shinkendo.hu\/index.php?rest_route=\/wp\/v2\/pages\/1902\/revisions"}],"predecessor-version":[{"id":1980,"href":"https:\/\/www.shinkendo.hu\/index.php?rest_route=\/wp\/v2\/pages\/1902\/revisions\/1980"}],"up":[{"embeddable":true,"href":"https:\/\/www.shinkendo.hu\/index.php?rest_route=\/wp\/v2\/pages\/36"}],"wp:attachment":[{"href":"https:\/\/www.shinkendo.hu\/index.php?rest_route=%2Fwp%2Fv2%2Fmedia&parent=1902"}],"curies":[{"name":"wp","href":"https:\/\/api.w.org\/{rel}","templated":true}]}}