{"id":383,"date":"2009-10-18T19:08:39","date_gmt":"2009-10-18T17:08:39","guid":{"rendered":"http:\/\/www.shinkendo.hu\/test\/?page_id=383"},"modified":"2012-05-20T19:31:36","modified_gmt":"2012-05-20T17:31:36","slug":"a-shinkendo-tortenete-roviden","status":"publish","type":"page","link":"https:\/\/www.shinkendo.hu\/?page_id=383","title":{"rendered":"A Shinkendo"},"content":{"rendered":"<h3><a href=\"https:\/\/www.shinkendo.hu\/wp-content\/uploads\/2009\/10\/BIO1.jpg\"><img loading=\"lazy\" class=\"size-medium wp-image-20   alignleft\" title=\"Obata Kaiso\" src=\"https:\/\/www.shinkendo.hu\/wp-content\/uploads\/2009\/10\/BIO1-245x300.jpg\" alt=\"\" width=\"245\" height=\"300\" srcset=\"https:\/\/www.shinkendo.hu\/wp-content\/uploads\/2009\/10\/BIO1-245x300.jpg 245w, https:\/\/www.shinkendo.hu\/wp-content\/uploads\/2009\/10\/BIO1-838x1024.jpg 838w, https:\/\/www.shinkendo.hu\/wp-content\/uploads\/2009\/10\/BIO1.jpg 1400w\" sizes=\"(max-width: 245px) 100vw, 245px\" \/><\/a>A Shinkendo t\u00f6rt\u00e9nete<\/h3>\n<p>Eg\u00e9szen a XIX. sz\u00e1zad k\u00f6zep\u00e9ig Jap\u00e1n katonai korm\u00e1nyz\u00e1s alatt \u00e1llt. A feud\u00e1lis uralkod\u00f3 kaszt tagjait busiknak, n\u00e9pszer\u0171bb nev\u00fck\u00f6n szamur\u00e1joknak nevezt\u00e9k. A val\u00f3di politikai hatalmat a legf\u0151bb katonai had\u00far, a shogun birtokolta, aki a n\u00e9vlegesen uralkod\u00f3 jap\u00e1n cs\u00e1sz\u00e1r szolg\u00e1lat\u00e1ban \u00e1llt. A szamur\u00e1jok h\u0171b\u00e9r\u00far-h\u0171b\u00e9res rendszerben, egyfajta lovagi k\u00f3dex szerint \u00e9ltek (bushido), aminek legf\u0151bb szab\u00e1lya a feljebbval\u00f3 szolg\u00e1lata volt, ak\u00e1r az \u00e9let\u00fck \u00e1r\u00e1n is. A k\u00f6z\u00e9pkorban, eg\u00e9szen a XVII. sz\u00e1zad k\u00f6zep\u00e9ig folyamatos polg\u00e1rh\u00e1bor\u00fak d\u00faltak az orsz\u00e1gban a hatalom megszerz\u00e9s\u00e9\u00e9rt a h\u0171b\u00e9rurak (daimjok) k\u00f6z\u00f6tt. J\u00f3r\u00e9szt ez volt az oka annak, hogy a szamur\u00e1jok folyamatosan gyakorolt\u00e1k magukat a k\u00fcl\u00f6nf\u00e9le harci technik\u00e1kban, ezek k\u00f6z\u00fcl is legink\u00e1bb a kardv\u00edv\u00e1sban. B\u00e1r az egy\u00e9b kult\u00far\u00e1kban is fontos szerepet kapott a kard mind gyakorlati, mind ment\u00e1lis \u00e9rtelemben, de tal\u00e1n sehol sem volt annyira kiemelt szerepe, mint Jap\u00e1nban. A jap\u00e1n v\u00edv\u00e1s technik\u00e1i teh\u00e1t a mai napig fennmaradtak \u00e9s egyre n\u00e9pszer\u0171bbek vil\u00e1gszerte.<\/p>\n<p>A XIX. sz\u00e1zad elej\u00e9n az utols\u00f3 shogun lemondott hatalm\u00e1r\u00f3l a Meiji cs\u00e1sz\u00e1r jav\u00e1ra, \u00e9s a szamur\u00e1jok el\u0151jogai megsz\u0171ntek. Jap\u00e1n is csatlakozott az \u00fan. &#8222;civiliz\u00e1lt vil\u00e1ghoz&#8221; \u00e9s a technikai fejl\u0151d\u00e9s \u00fatj\u00e1ra l\u00e9pett. A II. Vil\u00e1gh\u00e1bor\u00fa befejezt\u00e9vel az orsz\u00e1g amerikai ellen\u0151rz\u00e9s al\u00e1 ker\u00fclt, akik egy darabig megtiltott\u00e1k a harci m\u0171v\u00e9szetek gyakorl\u00e1s\u00e1t. K\u00e9s\u0151bb az aikido, a judo, a karate, a iaido, a kendo, stb. enged\u00e9lyezett harcm\u0171v\u00e9szetek lettek, s\u0151t igen gyorsan elindultak &#8222;vil\u00e1gh\u00f3d\u00edt\u00f3&#8221; \u00fatjukra.<\/p>\n<p>Az eredeti kardv\u00edv\u00e1s (kenjutsu) m\u00e1r-m\u00e1r teljesen feled\u00e9sbe mer\u00fclt \u00e9s gyakorlatilag h\u00e1rom r\u00e9szre szakadt. A h\u00e1rom \u00e1g k\u00fcl\u00f6nb\u00f6z\u0151 ar\u00e1nyban tartalmaz elemeket az eredeti eg\u00e9szb\u0151l, jellemz\u0151ik leegyszer\u0171s\u00edtve a k\u00f6vetkez\u0151k:<\/p>\n<ul>\n<li>iaido (formagyakorlatok, a kardh\u00faz\u00e1s technik\u00e1i),<\/li>\n<li>kendo (k\u00fczdelmi gyakorlatok, versenysport),<\/li>\n<li>battodo (a kardh\u00faz\u00e1sb\u00f3l t\u00f6rt\u00e9n\u0151 v\u00e1g\u00e1s technik\u00e1i).<\/li>\n<\/ul>\n<div id=\"attachment_21\" style=\"width: 130px\" class=\"wp-caption alignright\"><a href=\"https:\/\/www.shinkendo.hu\/wp-content\/uploads\/2009\/10\/SHINKENV.jpg\"><img aria-describedby=\"caption-attachment-21\" loading=\"lazy\" class=\"size-medium wp-image-21 \" title=\"SHINKENDO Kanji\" src=\"https:\/\/www.shinkendo.hu\/wp-content\/uploads\/2009\/10\/SHINKENV-120x300.jpg\" alt=\"\" width=\"120\" height=\"300\" srcset=\"https:\/\/www.shinkendo.hu\/wp-content\/uploads\/2009\/10\/SHINKENV-120x300.jpg 120w, https:\/\/www.shinkendo.hu\/wp-content\/uploads\/2009\/10\/SHINKENV-409x1024.jpg 409w, https:\/\/www.shinkendo.hu\/wp-content\/uploads\/2009\/10\/SHINKENV.jpg 700w\" sizes=\"(max-width: 120px) 100vw, 120px\" \/><\/a><p id=\"caption-attachment-21\" class=\"wp-caption-text\">SHIN * KEN * DO<\/p><\/div>\n<p>OBATA TOSHISHIRO kaiso (a shinkendo alap\u00edt\u00f3 mestere), aki sz\u00e1mos harcm\u0171v\u00e9szeti st\u00edlusban \u00f6sszesen mintegy 75 dannal (mesterfokozattal) rendelkezik, az Obata csal\u00e1d t\u00f6rt\u00e9nelmi hagyom\u00e1nyait \u00e9s kiterjedt harcm\u0171v\u00e9szeti tapasztalatait felhaszn\u00e1lva \u00fajraegyes\u00edtette a kardv\u00edv\u00e1s technik\u00e1it, \u00e9s ez a SHINKENDO. Az \u00f6sszetett sz\u00f3 magyar felold\u00e1sa:<\/p>\n<ul>\n<li>shin = val\u00f3di, igazi, val\u00f3s\u00e1gos,<\/li>\n<li>ken = kard,<\/li>\n<li>do = \u00fat.<\/li>\n<\/ul>\n<p>Obata mester nagyon \u00e1tgondolt, sallangmentes, biztons\u00e1gosan gyakorolhat\u00f3, racion\u00e1lis rendszert \u00e9p\u00edtett a hagyom\u00e1nyos elemekb\u0151l, \u00e9s c\u00e9lja az volt, hogy az edz\u00e9seken k\u00f6r\u00fclbel\u00fcl \u00fagy t\u00f6rt\u00e9njenek a dolgok, mint 300 \u00e9vvel ezel\u0151tt. Ez\u00e9rt a shinkendo gyakorlatai &#8211; term\u00e9szetesen az autentikus st\u00edlusokon k\u00edv\u00fcl &#8211; \u00e1llnak tal\u00e1n a legk\u00f6zelebb azokhoz a technik\u00e1khoz, amelyeket a k\u00f6z\u00e9pkor harcosai gyakoroltak Jap\u00e1nban.<\/p>\n<h3>A Shinkendo r\u00e9szei<\/h3>\n<p>A st\u00edlus \u00f6t r\u00e9szre oszthat\u00f3, a gyakorl\u00e1s maga pedig ezen \u00f6t \u00f6sszetev\u0151 egyens\u00falya (Gorin Goho Gogyo).<\/p>\n<div id=\"attachment_10\" style=\"width: 160px\" class=\"wp-caption alignright\"><a href=\"https:\/\/www.shinkendo.hu\/wp-content\/uploads\/2009\/10\/gogyo.jpg\"><img aria-describedby=\"caption-attachment-10\" loading=\"lazy\" class=\"size-thumbnail wp-image-10\" title=\"Gorin Goho Gogyo\" src=\"https:\/\/www.shinkendo.hu\/wp-content\/uploads\/2009\/10\/gogyo-150x150.jpg\" alt=\"\" width=\"150\" height=\"150\" srcset=\"https:\/\/www.shinkendo.hu\/wp-content\/uploads\/2009\/10\/gogyo-150x150.jpg 150w, https:\/\/www.shinkendo.hu\/wp-content\/uploads\/2009\/10\/gogyo-36x36.jpg 36w, https:\/\/www.shinkendo.hu\/wp-content\/uploads\/2009\/10\/gogyo-115x115.jpg 115w\" sizes=\"(max-width: 150px) 100vw, 150px\" \/><\/a><p id=\"caption-attachment-10\" class=\"wp-caption-text\">Gorin Goho Gogyo<\/p><\/div>\n<h3>1. Suburi &#8211; alapgyakorlatok<\/h3>\n<p>H\u00e1rom elem egy\u00fcttesen adja a suburi technik\u00e1kat, amelyek a v\u00edv\u00e1s alapjai, \u00e9s amelyek pontos elsaj\u00e1t\u00edt\u00e1sa a legfontosabb feladat:<\/p>\n<ul>\n<li>ashisabaki (a l\u00e1bmunka, igen hasonl\u00edt az aikidob\u00f3l ismert l\u00e1bmunk\u00e1kra),<\/li>\n<li>taisabaki (a test munk\u00e1ja, a t\u00f6rzs, a s\u00falypont \u00e1thelyez\u00e9se),<\/li>\n<li>kensabaki (a kard haszn\u00e1lata).<\/li>\n<\/ul>\n<h3>2. Go ho Battoho &#8211; az \u00f6tf\u00e9le kardh\u00faz\u00e1sb\u00f3l t\u00f6rt\u00e9n\u0151 v\u00e1g\u00e1skombin\u00e1ci\u00f3k gyakorlatai<\/h3>\n<p>A katan\u00e1t (a jap\u00e1n kardot) tradicion\u00e1lisan mindig az \u00f6vbe t\u0171zve viselt\u00e9k, a test bal oldal\u00e1n, \u00e9l\u00e9vel felfel\u00e9. Ebb\u0151l a poz\u00edci\u00f3b\u00f3l \u00f6tf\u00e9lek\u00e9ppen lehet akad\u00e1lytalanul kardot r\u00e1ntani, ezek a k\u00f6vetkez\u0151k (a test k\u00f6r\u00fcl balr\u00f3l jobbra haladva):<\/p>\n<ul>\n<li>hidari kiriage (bal har\u00e1ntv\u00e1g\u00e1s felfel\u00e9, egy k\u00e9zzel),<\/li>\n<li>hidari katate nukitsuke (bal v\u00edzszintes v\u00e1g\u00e1s, egy k\u00e9zzel),<\/li>\n<li>hidari nukiuchi (bal har\u00e1ntv\u00e1g\u00e1s fentr\u0151l lefel\u00e9, egy k\u00e9zzel),<\/li>\n<li>migi Kesagiri (jobb har\u00e1ntv\u00e1g\u00e1s, k\u00e9t k\u00e9zzel),<\/li>\n<li>hiratsuki (kardh\u00faz\u00e1s ut\u00e1n sz\u00far\u00e1s, egy k\u00e9zzel).<\/li>\n<\/ul>\n<p>&nbsp;<\/p>\n<h3>3. Tanren gata &#8211; formagyakorlatok<\/h3>\n<p>A shinkendo formagyakorlatai k\u00e9tf\u00e9lek\u00e9ppen csoportos\u00edthat\u00f3k:<\/p>\n<ul>\n<li>v\u00e1g\u00e1svari\u00e1ci\u00f3s formagyakorlatok (elk\u00e9pzelt c\u00e9lpontokra v\u00e9grehajtott v\u00e1g\u00e1skombin\u00e1ci\u00f3k, \u00e9s amelyek term\u00e9szetesen m\u0171k\u00f6d\u0151k\u00e9pesek val\u00f3s\u00e1gos c\u00e9lpontok eset\u00e9n is),<\/li>\n<li>k\u00fczdelmi formagyakorlatok (elk\u00e9pzelt ellenf\u00e9llel vagy ellenfelekkel val\u00f3 k\u00fczdelmet modelleznek).\n<dl id=\"attachment_10\">\n<dt><\/dt>\n<\/dl>\n<\/li>\n<\/ul>\n<h3>4. Tachi uchi &#8211; p\u00e1ros k\u00fczdelmi gyakorlatok<\/h3>\n<p>A tanul\u00f3k bokut\u00f3val edzenek, \u00e9s koreograf\u00e1lt form\u00e1kon kereszt\u00fcl gyakorlolj\u00e1k a k\u00fczdelem dinamik\u00e1j\u00e1t. A v\u00e1g\u00e1sok \u00e9s blokkok fokozatosan fejleszthet\u0151k a val\u00f3s\u00e1gos erej\u0171re \u00e9s gyorsas\u00e1g\u00fara. A t\u00e1vols\u00e1g, a technika, a ritmus, a gyorsas\u00e1g \u00e9s az er\u0151 ar\u00e1nyainak meg\u00e9rt\u00e9se \u00e9vek munk\u00e1j\u00e1t veszi ig\u00e9nybe.<\/p>\n<dl id=\"attachment_10\">\n<dt><\/dt>\n<\/dl>\n<h3>5. Tameshigiri &#8211; val\u00f3s\u00e1gos c\u00e9lpontra v\u00e9grehajtott v\u00e1g\u00e1sgyakorlatok<\/h3>\n<p>Halad\u00f3 szint\u0171 tanul\u00f3k val\u00f3di, \u00e9les fegyverrel (shinken) v\u00e9grehajtott v\u00e1g\u00e1sgyakorlatai. A c\u00e9lpontok lehetnek el\u0151re be\u00e1ztatott, felcsavart gy\u00e9k\u00e9nytekercsek (tatami omote makiwaran) vagy z\u00f6ld bambusz (taken).<\/p>\n<dl id=\"attachment_10\">\n<dt><\/dt>\n<\/dl>\n<address>Lajos Roland &#8211; Kottek P\u00e9ter<br \/>\n2005. szeptember<\/address>\n","protected":false},"excerpt":{"rendered":"<p>A Shinkendo t\u00f6rt\u00e9nete Eg\u00e9szen a XIX. sz\u00e1zad k\u00f6zep\u00e9ig Jap\u00e1n katonai korm\u00e1nyz\u00e1s alatt \u00e1llt. A feud\u00e1lis uralkod\u00f3 kaszt tagjait busiknak, n\u00e9pszer\u0171bb nev\u00fck\u00f6n szamur\u00e1joknak nevezt\u00e9k. A val\u00f3di politikai hatalmat a legf\u0151bb katonai [&hellip;]<\/p>\n","protected":false},"author":1,"featured_media":0,"parent":0,"menu_order":0,"comment_status":"closed","ping_status":"closed","template":"","meta":[],"_links":{"self":[{"href":"https:\/\/www.shinkendo.hu\/index.php?rest_route=\/wp\/v2\/pages\/383"}],"collection":[{"href":"https:\/\/www.shinkendo.hu\/index.php?rest_route=\/wp\/v2\/pages"}],"about":[{"href":"https:\/\/www.shinkendo.hu\/index.php?rest_route=\/wp\/v2\/types\/page"}],"author":[{"embeddable":true,"href":"https:\/\/www.shinkendo.hu\/index.php?rest_route=\/wp\/v2\/users\/1"}],"replies":[{"embeddable":true,"href":"https:\/\/www.shinkendo.hu\/index.php?rest_route=%2Fwp%2Fv2%2Fcomments&post=383"}],"version-history":[{"count":24,"href":"https:\/\/www.shinkendo.hu\/index.php?rest_route=\/wp\/v2\/pages\/383\/revisions"}],"predecessor-version":[{"id":1513,"href":"https:\/\/www.shinkendo.hu\/index.php?rest_route=\/wp\/v2\/pages\/383\/revisions\/1513"}],"wp:attachment":[{"href":"https:\/\/www.shinkendo.hu\/index.php?rest_route=%2Fwp%2Fv2%2Fmedia&parent=383"}],"curies":[{"name":"wp","href":"https:\/\/api.w.org\/{rel}","templated":true}]}}