{"id":39,"date":"2009-10-11T19:23:20","date_gmt":"2009-10-11T17:23:20","guid":{"rendered":"http:\/\/www.shinkendo.hu\/test\/?page_id=39"},"modified":"2023-09-26T20:54:25","modified_gmt":"2023-09-26T18:54:25","slug":"edzesek","status":"publish","type":"page","link":"https:\/\/www.shinkendo.hu\/?page_id=39","title":{"rendered":"Edz\u00e9sek"},"content":{"rendered":"<p><script type=\"text\/javascript\" src=\"https:\/\/www.google.com\/jsapi\"><\/script> <script src=\"https:\/\/ajax.googleapis.com\/ajax\/libs\/jquery\/3.6.0\/jquery.min.js\"><\/script><br \/>\n<script type=\"text\/javascript\">$(document).ready(function(){ \n    $('.email_hover').mouseover(function() {$(this).text($(this).text().replace(\" [kukac] \", \"@\").replace(\" [pont] \", \".\"));});                          \n    $('.email_hover').mouseleave(function() {$(this).text($(this).text().replace(\"@\", \" [kukac] \").replace(\".\", \" [pont] \"));}); }); <\/script><\/p>\n<h3><span style=\"color: #008080;\">Az edz\u00e9sek nyitottak \u00e9s megtekinthet\u0151ek, a tagfelv\u00e9tel folyamatos.<\/span><\/h3>\n<p>\u2694<\/p>\n<p>F\u0151instruktor: <strong>LAJOS Roland shihan<br \/>\n<\/strong>Az International Shinkendo Federation magyar, lengyel, ukrajnai \u00e9s szlov\u00e1k f\u0151instruktora.<\/p>\n<p>\u2694<\/p>\n<p>\u2694 \u2694<\/p>\n<p>\u2694<\/p>\n<h1>Shinkendo dojok<\/h1>\n<p>Az al\u00e1bbi dojoinkban heti rendszeres\u00e9ggel, fix id\u0151pontokban tartunk edz\u00e9seket.<\/p>\n<h2>O Bashi (a Nagy h\u00edd) Dojo &#8211; Budapest<\/h2>\n<p>instruktor: <strong>KOV\u00c1CS Zsolt sensei<\/strong><\/p>\n<p>telefon: +36 70 367-4490<\/p>\n<p class=\"email_hover\">e-mail:&nbsp; &nbsp;budapest [kukac] shinkendo [pont] hu<\/p>\n<p>id\u0151pontok:<br \/>\nh\u00e9tf\u0151: 18.30-20.00<br \/>\nszerda:&nbsp;18.00-19.30<br \/>\ncs\u00fct\u00f6rt\u00f6k: 18.30-19.30<\/p>\n<p>helysz\u00edn:&nbsp; &nbsp;Csan\u00e1dy Dojo &#8211; 1132 Budapest, Csan\u00e1dy u. 19.<\/p>\n<p>\u2694<\/p>\n<h2>Kuro Bashi (Fekete h\u00edd) Dojo &#8211; Tatab\u00e1nya<\/h2>\n<p>instruktor:<strong> ZUBOR S\u00e1ndor kyoshi<\/strong><\/p>\n<p>telefon: +36 70 264-2797 (lehet\u0151leg sms-ben keressenek, az \u00e9rdekl\u0151d\u0151ket visszah\u00edvom)<\/p>\n<p class=\"email_hover\">e-mail:&nbsp; &nbsp;tatabanya [kukac] shinkendo [pont] hu<\/p>\n<p>id\u0151pontok:<br \/>\nkedd: 19.00-20.30<br \/>\np\u00e9ntek: 18.00-19.30<\/p>\n<p>helysz\u00edn:&nbsp; &nbsp;Euro Fitness Centrum &#8211; 2800 Tatab\u00e1nya, Kod\u00e1ly Zolt\u00e1n t\u00e9r 5.<\/p>\n<p>\u2694<\/p>\n<h2>Kita no Hashi (az \u00c9szak h\u00eddja) Dojo &#8211; Nasz\u00e1ly, R\u00e9v-Kom\u00e1rom (Komarno)<\/h2>\n<p>instruktor:<strong> SZABADOS Attila<\/strong><\/p>\n<p>telefon: +36 30 385-6579<\/p>\n<p class=\"email_hover\">e-mail:&nbsp; &nbsp;naszaly [kukac] shinkendo [pont] hu<\/p>\n<p>id\u0151pont:<br \/>\ncs\u00fct\u00f6rt\u00f6k: 17.00-19.00<\/p>\n<p>helysz\u00edn:&nbsp; &nbsp;Angyallfy M\u00e1ty\u00e1s \u00c1ltal\u00e1nos Iskola &#8211; 2899 Nasz\u00e1ly, Iskola utca 1.<\/p>\n<p>\u2694<\/p>\n<h2>Minami no Hashi (a D\u00e9l h\u00eddja) Dojo &#8211; Szeksz\u00e1rd<\/h2>\n<p>instruktor: <strong>P\u00d3CZA R\u00f3bert sensei<\/strong><\/p>\n<p>telefon: +36 30 946-4255<\/p>\n<p class=\"email_hover\">e-mail:&nbsp; &nbsp;szekszard [kukac] shinkendo [pont] hu<\/p>\n<p>id\u0151pontok:<br \/>\nkedd: 18:00-20:00<br \/>\ncs\u00fct\u00f6rt\u00f6k: 18:00-20:00<\/p>\n<p>helysz\u00edn:&nbsp; &nbsp;\u0150cs\u00e9nyi Perczel M\u00f3r \u00c1ltal\u00e1nos Iskola &#8211; 7143 \u0150cs\u00e9ny, Perczel u. 4.<\/p>\n<p>\u2694<\/p>\n<h2>Taigan no Hashi (a Tal\u00e1lkoz\u00e1s h\u00eddja) Dojo &#8211; Gy\u0151r<\/h2>\n<p>instruktor:<strong> Dr. V\u00d6R\u00d6S Zolt\u00e1n sensei<\/strong><\/p>\n<p>telefon: +36 20 7722 624<\/p>\n<p class=\"email_hover\">e-mail: &nbsp;&nbsp;gyor [kukac] shinkendo [pont] hu<\/p>\n<p>id\u0151pont:<br \/>\nkedd: 18:00-19:30<br \/>\ncs\u00fct\u00f6rt\u00f6k: 18:00-19:30<\/p>\n<p>helysz\u00edn:&nbsp; &nbsp;Arany J\u00e1nos \u00c1ltal\u00e1nos Iskola &#8211; 9024 Gy\u0151r, \u00d6rk\u00e9ny Istv\u00e1n utca 6.<\/p>\n<p>\u2694<\/p>\n<h2>Kunjin no Hashi (a Kunok h\u00eddja) Dojo &#8211; Kiskunlach\u00e1za<\/h2>\n<p>instruktor: <strong>GUBOVICS P\u00e9ter sensei<\/strong><\/p>\n<p>telefon:&nbsp; +36 20 473 6625<\/p>\n<p class=\"email_hover\">e-mail:&nbsp; &nbsp;kiskunlachaza [kukac] shinkendo [pont] hu<\/p>\n<p>id\u0151pont:<br \/>\nszerda 17:30-19:00<\/p>\n<p>helysz\u00edn:&nbsp; Sportcsarnok &#8211; 2340 Kiskunlach\u00e1za, Munk\u00e1csi t\u00e9r 1.<\/p>\n<p>\u2694<\/p>\n<p>\u2694 \u2694 \u2694<\/p>\n<p>\u2694<\/p>\n<h1>Gyakorl\u00f3k\u00f6r\u00f6k<\/h1>\n<h2>Koyama no Hashi (a Halmok h\u00eddja) Dojo &#8211; Sz\u00e1zhalombatta<\/h2>\n<p>kapcsolattart\u00f3: <strong>SZ\u00c9P B\u00e1lint<\/strong><\/p>\n<p>telefon: +36 70 537-6376<\/p>\n<p class=\"email_hover\">e-mail:&nbsp; &nbsp;szazhalombatta [kukac] shinkendo [pont] hu<\/p>\n<p>\u2694<\/p>\n<h2>Tetsu no Hashi (a Vas h\u00eddja) Dojo &#8211; Duna\u00fajv\u00e1ros<\/h2>\n<p>kapcsolattart\u00f3: <strong>DUD\u00c1S J\u00f3zsef<\/strong><\/p>\n<p>telefon: +36 20 938-3701<\/p>\n<p class=\"email_hover\">e-mail:&nbsp; &nbsp;dunaujvaros [kukac] shinkendo [pont] hu<\/p>\n<p>\u2694<\/p>\n<p>\u2694 \u2694 \u2694<\/p>\n<p>\u2694<\/p>\n<h2>Szem\u00e9lyi edz\u00e9s (Private Lessons)<\/h2>\n<p>F\u0151instruktor: <strong>LAJOS Roland shihan<\/strong><\/p>\n<p>telefon\/phone: +36 30 652-5015<\/p>\n<p class=\"email_hover\">e-mail:&nbsp; &nbsp;info [kukac] shinkendo [pont] hu<\/p>\n<p>id\u0151pont\/schedule: a h\u00e9t minden napj\u00e1n, a d\u00e9lel\u0151tti illetve a korad\u00e9lut\u00e1ni \u00f3r\u00e1kban, megegyez\u00e9s szerint<\/p>\n<p>helysz\u00edn\/location: megegyez\u00e9s szerint<\/p>\n<p>nyelvek\/languages: magyarul\/English<\/p>\n<p>\u2694<\/p>\n<p>\u2694 \u2694 \u2694<\/p>\n<p>\u2694<\/p>\n<h2>\u00c1ltal\u00e1nos inform\u00e1ci\u00f3k<\/h2>\n<p class=\"email_hover\">e-mail: info [kukac] shinkendo [pont] hu<\/p>\n<p>K\u00e9rj\u00fck, hogy az edz\u00e9sekr\u0151l, a felszerel\u00e9sr\u0151l, praktikus dolgokr\u00f3l, jelen weboldalr\u00f3l stb. sz\u00f3l\u00f3 inform\u00e1ci\u00f3\u00e9rt erre a c\u00edmre \u00edrjon!<\/p>\n<p>\u2694<\/p>\n<p>\u2694 \u2694 \u2694<\/p>\n<p>\u2694<\/p>\n<hr>\n<h2>Aikibujutsu \u00e9s bojutsu edz\u00e9sek<\/h2>\n<p>Tov\u00e1bbi indorm\u00e1ci\u00f3k az <a href=\"http:\/\/www.aikibujutsu.hu\">aikibujutsu.hu<\/a> oldalain.<\/p>\n","protected":false},"excerpt":{"rendered":"<p>Az edz\u00e9sek nyitottak \u00e9s megtekinthet\u0151ek, a tagfelv\u00e9tel folyamatos. \u2694 F\u0151instruktor: LAJOS Roland shihan Az International Shinkendo Federation magyar, lengyel, ukrajnai \u00e9s szlov\u00e1k f\u0151instruktora. \u2694 \u2694 \u2694 \u2694 Shinkendo dojok Az [&hellip;]<\/p>\n","protected":false},"author":1,"featured_media":0,"parent":0,"menu_order":3,"comment_status":"closed","ping_status":"closed","template":"","meta":[],"_links":{"self":[{"href":"https:\/\/www.shinkendo.hu\/index.php?rest_route=\/wp\/v2\/pages\/39"}],"collection":[{"href":"https:\/\/www.shinkendo.hu\/index.php?rest_route=\/wp\/v2\/pages"}],"about":[{"href":"https:\/\/www.shinkendo.hu\/index.php?rest_route=\/wp\/v2\/types\/page"}],"author":[{"embeddable":true,"href":"https:\/\/www.shinkendo.hu\/index.php?rest_route=\/wp\/v2\/users\/1"}],"replies":[{"embeddable":true,"href":"https:\/\/www.shinkendo.hu\/index.php?rest_route=%2Fwp%2Fv2%2Fcomments&post=39"}],"version-history":[{"count":96,"href":"https:\/\/www.shinkendo.hu\/index.php?rest_route=\/wp\/v2\/pages\/39\/revisions"}],"predecessor-version":[{"id":2046,"href":"https:\/\/www.shinkendo.hu\/index.php?rest_route=\/wp\/v2\/pages\/39\/revisions\/2046"}],"wp:attachment":[{"href":"https:\/\/www.shinkendo.hu\/index.php?rest_route=%2Fwp%2Fv2%2Fmedia&parent=39"}],"curies":[{"name":"wp","href":"https:\/\/api.w.org\/{rel}","templated":true}]}}